05 and p?
35
Let i(p) = 18*p**2 - p + 3. Let z = 92 + -91. Let g be i(z). What is the greatest common divisor of 30 and g?
10
Let f(n) = -25*n + 1670. Let h be f(29). What is the highest common divisor of h and 735?
105
Let l be 11/88 - (6543/(-8) - 1). Calculate the greatest common divisor of 117 and l.
117
Suppose -o = -5*v + 27 + 32, 3*o + 3*v = -141. Let t be 0 - (5 - 21/3) - o. Let f = 5 + -2. What is the highest common factor of f and t?
3
Let g = -10819 - -10831. What is the greatest common divisor of g and 174?
6
Suppose 0 = 2*f + 4*n - 36, 0 = -f - 4*n - n + 21. Suppose 4*z - 36 = -2*b, 4*z + 4*b - f - 16 = 0. Calculate the highest common factor of z and 40.
10
Suppose -5*c = -l + 32 + 4, c - 17 = -2*l. Let h(a) = 3 + 6 + 4*a**2 - 1 - 1 + l*a. Let d be h(-5). Calculate the highest common factor of d and 13.
13
Suppose -5*h - 45 = -3*k, 0 = -4*k + 3*h + 75 - 4. Let u = -205148 + 205648. Calculate the greatest common factor of u and k.
20
Let k(i) = -i**3 + 32*i**2 + 4*i + 32. Let v be k(28). What is the highest common divisor of v and 80?
80
Let m be 8/(-12)*9/(-2). Suppose -3*g - 16 = -10, 38 = 2*a - m*g. Suppose -3*o + 11 = k, 3*o + 6*k - 2*k = 26. Calculate the greatest common divisor of o and a.
2
Suppose 1895*y = 1842*y + 1322880. Calculate the greatest common factor of y and 15.
15
Let v = -26 - -29. Suppose 3*p = -4*s + 84, -4*s + 26 = 2*p - 34. Let k be ((-8)/(p/(-9)))/(v/16). What is the highest common divisor of k and 2?
2
Suppose -13 = -r + 5*u + 6, -38 = -2*r + 4*u. Suppose -n + 35 = r. Suppose -17 = -q + 2*l + n, 5*q + l = 121. Calculate the highest common divisor of 75 and q.
25
Let h be (3/12)/(2/8). Suppose -6*b + 84 = -2*b. Let w = b + -14. Calculate the greatest common divisor of w and h.
1
Let d be 600/14 - (4 + (2970/(-105))/9). Calculate the highest common factor of d and 138.
6
Let k(o) = 6*o**2 + 67*o - 68. Let x be k(1). Calculate the greatest common factor of x and 65.
5
Suppose -5*k + 48 = -3*o, 3*k = o - 22 + 46. Suppose -4*h + 2*l - 5*l + 84 = 0, 3*h - 63 = -4*l. Calculate the highest common divisor of h and k.
3
Let n be 3/((-186)/(-30) + -6). Suppose 9*g = 6*g + n. What is the greatest common factor of g and 25?
5
Suppose -5*b + 3*h + 32 = 0, -6*h + 3*h = -3. What is the highest common factor of 119 and b?
7
Let x(k) = -28*k - 156. Let y be (1 - (-72)/16)*-2. Let j be x(y). What is the greatest common factor of 2 and j?
2
Let p = 442 - 436. Let r(o) = 4*o + 64. Let u be r(p). What is the greatest common divisor of u and 56?
8
Suppose 0 = 4*j + 5*b - 2140, 0*j - 2704 = -5*j + b. What is the highest common divisor of j and 1728?
108
Let c be 4/4 + 1 - -102. Let j = c + -68. Suppose 0 = 4*p + 4*o - 536 + 192, 8 = -2*o. What is the highest common factor of j and p?
18
Suppose -m - 2*f + f = -4, 0 = -4*m - 2*f + 6. Let v = 17 + m. Suppose 0 = 4*a - 112 - v. What is the greatest common divisor of a and 224?
32
Let j be (-71)/((-601)/2548 + (-441)/(-1911)). Calculate the greatest common factor of j and 56.
28
Let w = -30949 - -31456. Calculate the greatest common factor of w and 39.
39
Let k be (4/(-2))/((-4)/70). Let m(v) = -v**2 + 50*v - 449. Let r be m(38). What is the greatest common divisor of r and k?
7
Suppose 2*d - 86 = -m, -2*d + 4*d = 4*m + 66. Let k = d - 25. Let c = k - -26. What is the greatest common divisor of 105 and c?
21
Let g be (-280)/168*234/(-15). Calculate the highest common divisor of 4966 and g.
26
Let p(c) = -2*c + 27. Let i be p(0). Suppose g - 2*m = 13, -3*g - m = -32 + 7. Let o be 1 + 21 - (g - 5). What is the highest common divisor of i and o?
9
Suppose 0 = 2*l - 3*c - 6732, 0 = -3*l + 4*l + 3*c - 3348. Suppose 13*o - l = 6*o. Calculate the greatest common factor of o and 30.
30
Let t(m) = 5*m**2 - 60*m + 90. Let r be t(-3). Calculate the highest common divisor of 5760 and r.
45
Suppose 18*r + 6*r - 340 = 7*r. Calculate the greatest common divisor of r and 2816.
4
Suppose -320*n + 86393 = -811527. What is the greatest common divisor of 828 and n?
46
Let c = 198 - 149. Let o be 0 + -2*(28 - 4). Let x = -41 - o. What is the highest common factor of x and c?
7
Suppose 4*k + 260 = 5*q, -2*q - 3*q = -5*k - 265. Calculate the highest common divisor of 2768 and q.
16
Let c(a) = a**2 - 17*a + 3908. Let v be c(108). What is the greatest common divisor of v and 17?
17
Suppose -74*b + 15*u = -70*b - 1806, 5*u = 3*b - 1342. What is the highest common factor of b and 999?
111
Suppose 0 = 9*s + 19 - 1918. Let j = s + -185. Calculate the highest common divisor of 2 and j.
2
Suppose -28 = -3*a - 2*m, 0 = -5*m - 42 + 67. Calculate the greatest common factor of 567 and a.
3
Suppose 4*n + 1085 = 5*b, 175*b + 1130 = 180*b + 5*n. Calculate the highest common factor of b and 338.
13
Suppose -x - 4*m + 768 = 0, -4*m - 1553 - 703 = -3*x. What is the greatest common divisor of 462 and x?
42
Let s = 280 + -277. Suppose s*z - 156 = 5*m, -5*m = 3*z - 9*m - 153. Calculate the greatest common divisor of 235 and z.
47
Suppose -4*m - 1120 = -5*q, m - 2*m - 223 = -q. Let s = 27 + q. What is the highest common factor of s and 51?
51
Let h be (-318)/(-15) + 4/(-20). Let k = -202 - -370. Calculate the highest common factor of h and k.
21
Let d be (-413)/2*(-20 - 1200/(-70)) - -5. Calculate the greatest common factor of d and 665.
35
Let a(m) = 214*m + 8693. Let q be a(-40). What is the highest common factor of 1387 and q?
19
Let y be -10 + 8 + 0/(-2). Let t be (3/(-18))/(y/12) + 5. Let v(q) = 2*q**2 + 4*q - 6. Let k be v(-6). Calculate the highest common divisor of k and t.
6
Suppose 313 = 29*u - 441. Let v be (0 + 6 + -134)/((-4)/u). What is the greatest common factor of 52 and v?
52
Suppose 7624*f = 7561*f + 179550. Calculate the greatest common factor of f and 180.
30
Suppose 3*q = -i + 134, -5*q + 5*i + 202 = -28. Suppose 5*x - 421 = a, 4*x + 3*a = 341 + 11. Let u = q + x. Calculate the greatest common factor of 52 and u.
26
Suppose -4*n = -f - 196, 3*n + 228 - 390 = -3*f. Calculate the greatest common divisor of n and 75.
25
Let g = -21 - -45. Suppose 0 = 8*i - 160 + g. Suppose -2*x = -5*r + 597, 2*r + 0*x = -3*x + 235. What is the highest common factor of i and r?
17
Suppose -n = -2*n + 3*v + 2452, -5*v - 2452 = -n. Suppose -t - 4*c + 598 = -2*c, -4*t + 4*c + n = 0. Calculate the highest common divisor of t and 16.
16
Let k(f) = -11*f**2 + 2*f - 1. Let t be k(4). Let u = t - -250. Calculate the highest common factor of 36 and u.
9
Let s(p) = -6 - 9*p - 27 + 9. Let c be s(-6). Suppose q + 4*q - c = 0. Calculate the greatest common factor of q and 78.
6
Let p = -2901 + 3591. Calculate the greatest common factor of 184 and p.
46
Suppose 692 = -4*y + 2*j, -3*j - 2*j - 346 = 2*y. Let r = 64 - y. Let w = r - 101. What is the highest common divisor of w and 17?
17
Suppose -19*h = -20*h - 6, 5*h = 5*f - 1740. Calculate the greatest common divisor of f and 3933.
171
Let r = -342 + 547. Suppose -127*k = -82*k - 1845. What is the greatest common divisor of r and k?
41
Suppose 3*k + 5*n - 23119 = -7245, -4*k = -4*n - 21176. Calculate the greatest common divisor of 158 and k.
79
Suppose 396 + 1559 = 7*n - 915. What is the greatest common factor of 290 and n?
10
Suppose 11*b - 5*b + 3018 = 0. Let j = 508 + b. Calculate the greatest common divisor of j and 185.
5
Suppose 58*x - 64619 = -239. What is the greatest common divisor of x and 30?
30
Let t be 478/6 + 2/6. Let c be (-138)/(-33) + -4 + (-7650)/(-33). Let a = -222 + c. Calculate the greatest common divisor of a and t.
10
Let l(y) be the third derivative of -y**5/60 + 7*y**4/12 - 16*y**3/3 - 6*y**2 + 3*y. Let p be l(6). Calculate the greatest common divisor of 16 and p.
16
Let y(b) = -b**2 - 37*b - 134. Let f be y(-6). Let g be -7 - f/12*-93. Calculate the highest common factor of g and 72.
36
Let g be (-703)/(6 + (-39)/6). What is the highest common factor of 148 and g?
74
Let j = -1256 + 2329. What is the greatest common divisor of j and 29?
29
Let a(d) = d**3 - 70*d**2 - 372*d + 11. Let o be a(75). Let i be (1/(-1))/(1/(-295)). Calculate the greatest common divisor of o and i.
59
Suppose -11*u - 10 = -2*x - 12*u, 3*x - 3*u = 24. Calculate the greatest common divisor of x and 4962.
6
Let a(f) = 166*f - 1630. Let r be a(11). What is the greatest common divisor of r a